{"id":559,"date":"2021-07-08T16:34:22","date_gmt":"2021-07-08T16:34:22","guid":{"rendered":"https:\/\/teste.desenvolve.ai\/?page_id=559"},"modified":"2023-06-16T17:42:20","modified_gmt":"2023-06-16T17:42:20","slug":"manual-de-boas-praticas","status":"publish","type":"page","link":"https:\/\/desenvolve.ai\/index.php\/manual-de-boas-praticas\/","title":{"rendered":"Manual de Boas Pr\u00e1ticas"},"content":{"rendered":"\t\t<div data-elementor-type=\"wp-page\" data-elementor-id=\"559\" class=\"elementor elementor-559\" data-elementor-post-type=\"page\">\n\t\t\t\t\t\t<section class=\"elementor-section elementor-top-section elementor-element elementor-element-afa8feb elementor-section-boxed elementor-section-height-default elementor-section-height-default\" data-id=\"afa8feb\" data-element_type=\"section\">\n\t\t\t\t\t\t<div class=\"elementor-container elementor-column-gap-default\">\n\t\t\t\t\t<div class=\"elementor-column elementor-col-100 elementor-top-column elementor-element elementor-element-e484ccb\" data-id=\"e484ccb\" data-element_type=\"column\">\n\t\t\t<div class=\"elementor-widget-wrap elementor-element-populated\">\n\t\t\t\t\t\t<div class=\"elementor-element elementor-element-194e121 elementor-widget elementor-widget-text-editor\" data-id=\"194e121\" data-element_type=\"widget\" data-widget_type=\"text-editor.default\">\n\t\t\t\t<div class=\"elementor-widget-container\">\n\t\t\t\t\t\t\t\t\t<section id=\"h.192c2617036bf577_2\" class=\"yaqOZd\"><div class=\"mYVXT\"><div class=\"LS81yb VICjCf\" tabindex=\"-1\"><div class=\"hJDwNd-AhqUyc-OiUrBf purZT-AhqUyc-II5mzb pSzOP-AhqUyc-qWD73c JNdkSc\"><div class=\"JNdkSc-SmKAyb\"><div class=\"\"><div class=\"oKdM2c Kzv0Me\"><div id=\"h.192c2617036bf577_5\" class=\"hJDwNd-AhqUyc-OiUrBf jXK9ad D2fZ2 OjCsFc wHaque GNzUNc\"><div class=\"jXK9ad-SmKAyb\"><div class=\"tyJCtd mGzaTb baZpAe lkHyyc\"><div class=\"CjVfdc CJIdie\"><strong>Manual de Boas Pr\u00e1ticas<\/strong><\/div><\/div><\/div><\/div><\/div><\/div><\/div><\/div><\/div><\/div><\/section><section id=\"h.192c2617036bf577_6\" class=\"yaqOZd\"><\/section>\t\t\t\t\t\t\t\t<\/div>\n\t\t\t\t<\/div>\n\t\t\t\t<div class=\"elementor-element elementor-element-2d25d5f elementor-widget elementor-widget-text-editor\" data-id=\"2d25d5f\" data-element_type=\"widget\" data-widget_type=\"text-editor.default\">\n\t\t\t\t<div class=\"elementor-widget-container\">\n\t\t\t\t\t\t\t\t\t<div class=\"CjVfdc\"><strong>Modelos de rela\u00e7\u00f5es ICT &#8211; Empresa Inovadora<\/strong><\/div><h3 class=\"CDt4Ke zfr3Q\" dir=\"ltr\">Ficou com d\u00favida em como sua\u00a0Empresa Inovadora\u00a0ou ICT pode colaborar dentro dos projetos\u00a0ou qual papel cada institui\u00e7\u00e3o pode tomar?<\/h3><p>\u00a0<\/p><p>Com o objetivo de facilitar a negocia\u00e7\u00e3o entre ambas as partes, listamos aqui alguns exemplos de parcerias e divis\u00f5es de atividades que deram certo nos \u00faltimos ciclos e que podem ajudar a definir o papel da sua institui\u00e7\u00e3o no processo:<\/p><p><strong>Exemplo 1:<\/strong>\u00a0A ICT ser\u00e1 respons\u00e1vel pela coordena\u00e7\u00e3o do projeto, j\u00e1 a empresa ser\u00e1 respons\u00e1vel pelo gerenciamento executivo do projeto.<\/p><p><strong>Exemplo 2:\u00a0<\/strong>A empresa ser\u00e1 respons\u00e1vel pelo know-how e fornecimento de software, assim como a parceria com empresas de hardware.\u00a0A ICT ser\u00e1 respons\u00e1vel pela customiza\u00e7\u00e3o e integra\u00e7\u00e3o com sistemas do cliente. A ICT poder\u00e1 entrar como parceira de integra\u00e7\u00e3o de sistemas em futuras comercializa\u00e7\u00f5es do produto.<\/p><p><strong>Exemplo 3:<\/strong>\u00a0A empresa implementa a PoC (Prova de Conceito) enquanto a ICT acompanha o processo e realiza pesquisa para avalia\u00e7\u00e3o do impacto da ado\u00e7\u00e3o de ferramenta, enquanto busca identificar novas oportunidades de desenvolvimento e aplica\u00e7\u00e3o da PoC.<\/p><p><strong>Exemplo 4:\u00a0<\/strong>A ICT ser\u00e1 respons\u00e1vel pela execu\u00e7\u00e3o das atividades de pesquisa e desenvolvimento do projeto, como modelagem do sistema e base de dados; implementa\u00e7\u00e3o do algoritmo de predi\u00e7\u00e3o e cria\u00e7\u00e3o e desenvolvimento de sistema. J\u00e1 a empresa ficar\u00e1 encarregada com a gest\u00e3o das atividades do projeto; fornecimento de material e software, customiza\u00e7\u00e3o e implanta\u00e7\u00e3o de hardware.<\/p><p><strong>Exemplo 5:<\/strong>\u00a0Dadas as expertises muito similares entre as duas institui\u00e7\u00f5es, a realiza\u00e7\u00e3o do projeto acontecer\u00e1 de forma compartilhada, buscando incorporar as melhores pr\u00e1ticas e decis\u00f5es na constru\u00e7\u00e3o do projeto. A empresa ser\u00e1 respons\u00e1vel pelo desenvolvimento do software, enquanto a ICT ser\u00e1 respons\u00e1vel pelo projeto e constru\u00e7\u00e3o do hardware e realiza\u00e7\u00e3o dos testes em seu laborat\u00f3rio.<\/p><p><strong>*<\/strong><strong>Ressaltamos que os exemplos listados acima n\u00e3o s\u00e3o as \u00fanicas possibilidades de divis\u00e3o de atividades entre as <\/strong><strong>Empresas<\/strong><strong> e as ICTs, e que foram listados apenas para servir como exemplo <\/strong><strong>\u00e0<\/strong><strong>s institui\u00e7\u00f5es que estiverem incertas sobre a divis\u00e3o destas atividades. <\/strong><\/p><p>Para mais informa\u00e7\u00f5es acesse o regulamento ou entre em contato.<\/p>\t\t\t\t\t\t\t\t<\/div>\n\t\t\t\t<\/div>\n\t\t\t\t\t<\/div>\n\t\t<\/div>\n\t\t\t\t\t<\/div>\n\t\t<\/section>\n\t\t\t\t<\/div>\n\t\t","protected":false},"excerpt":{"rendered":"<p>Manual de Boas Pr\u00e1ticas Modelos de rela\u00e7\u00f5es ICT &#8211; Empresa Inovadora Ficou com d\u00favida em como sua\u00a0Empresa Inovadora\u00a0ou ICT pode colaborar dentro dos projetos\u00a0ou qual papel cada institui\u00e7\u00e3o pode tomar? \u00a0 Com o objetivo de facilitar a negocia\u00e7\u00e3o entre ambas as partes, listamos aqui alguns exemplos de parcerias e divis\u00f5es de atividades que deram certo &hellip; <\/p>\n<p class=\"link-more\"><a href=\"https:\/\/desenvolve.ai\/index.php\/manual-de-boas-praticas\/\" class=\"more-link\">Continue lendo<span class=\"screen-reader-text\"> &#8220;Manual de Boas Pr\u00e1ticas&#8221;<\/span><\/a><\/p>\n","protected":false},"author":1,"featured_media":0,"parent":0,"menu_order":0,"comment_status":"closed","ping_status":"closed","template":"elementor_header_footer","meta":{"footnotes":""},"class_list":["post-559","page","type-page","status-publish","hentry","entry"],"_links":{"self":[{"href":"https:\/\/desenvolve.ai\/index.php\/wp-json\/wp\/v2\/pages\/559","targetHints":{"allow":["GET"]}}],"collection":[{"href":"https:\/\/desenvolve.ai\/index.php\/wp-json\/wp\/v2\/pages"}],"about":[{"href":"https:\/\/desenvolve.ai\/index.php\/wp-json\/wp\/v2\/types\/page"}],"author":[{"embeddable":true,"href":"https:\/\/desenvolve.ai\/index.php\/wp-json\/wp\/v2\/users\/1"}],"replies":[{"embeddable":true,"href":"https:\/\/desenvolve.ai\/index.php\/wp-json\/wp\/v2\/comments?post=559"}],"version-history":[{"count":10,"href":"https:\/\/desenvolve.ai\/index.php\/wp-json\/wp\/v2\/pages\/559\/revisions"}],"predecessor-version":[{"id":3883,"href":"https:\/\/desenvolve.ai\/index.php\/wp-json\/wp\/v2\/pages\/559\/revisions\/3883"}],"wp:attachment":[{"href":"https:\/\/desenvolve.ai\/index.php\/wp-json\/wp\/v2\/media?parent=559"}],"curies":[{"name":"wp","href":"https:\/\/api.w.org\/{rel}","templated":true}]}}